{"id":1515,"date":"2015-11-04T09:29:39","date_gmt":"2015-11-04T08:29:39","guid":{"rendered":"http:\/\/kimfanlo.com\/conciertos\/"},"modified":"2017-06-01T13:45:36","modified_gmt":"2017-06-01T11:45:36","slug":"conciertos","status":"publish","type":"page","link":"https:\/\/kimfanlo.com\/en\/conciertos\/","title":{"rendered":"Concerts"},"content":{"rendered":"<div class=\"wpb-content-wrapper\"><p>[vc_row css_animation=&#8221;&#8221; row_type=&#8221;row&#8221; use_row_as_full_screen_section=&#8221;no&#8221; type=&#8221;full_width&#8221; text_align=&#8221;left&#8221;][vc_column][vc_column_text]<\/p>\n<h3 style=\"text-align: center;\">Upcoming Concerts<\/h3>\n<p>[\/vc_column_text][vc_column_text][add_eventon_list number_of_months=&#8221;3&#8243; lang=&#8221;L2&#8243; hide_empty_months=&#8221;no&#8221;][\/vc_column_text][vc_empty_space][\/vc_column][\/vc_row][vc_row css_animation=&#8221;&#8221; row_type=&#8221;row&#8221; use_row_as_full_screen_section=&#8221;no&#8221; type=&#8221;full_width&#8221; text_align=&#8221;left&#8221;][vc_column][vc_column_text]<\/p>\n<h3 style=\"text-align: center;\">Previous Concerts<\/h3>\n<p>[\/vc_column_text][vc_column_text][add_eventon_list number_of_months=&#8221;9&#8243; month_incre=&#8221;-9&#8243; lang=&#8221;L2&#8243; hide_empty_months=&#8221;yes&#8221;\u00a0][\/vc_column_text][\/vc_column][\/vc_row]<\/p>\n<\/div>","protected":false},"excerpt":{"rendered":"<p>[vc_row css_animation=&#8221;&#8221; row_type=&#8221;row&#8221; use_row_as_full_screen_section=&#8221;no&#8221; type=&#8221;full_width&#8221; text_align=&#8221;left&#8221;][vc_column][vc_column_text] Upcoming Concerts [\/vc_column_text][vc_column_text][add_eventon_list number_of_months=&#8221;3&#8243; lang=&#8221;L2&#8243; hide_empty_months=&#8221;no&#8221;][\/vc_column_text][vc_empty_space][\/vc_column][\/vc_row][vc_row css_animation=&#8221;&#8221; row_type=&#8221;row&#8221; use_row_as_full_screen_section=&#8221;no&#8221; type=&#8221;full_width&#8221; text_align=&#8221;left&#8221;][vc_column][vc_column_text] Previous Concerts [\/vc_column_text][vc_column_text][add_eventon_list number_of_months=&#8221;9&#8243; month_incre=&#8221;-9&#8243; lang=&#8221;L2&#8243; hide_empty_months=&#8221;yes&#8221;\u00a0][\/vc_column_text][\/vc_column][\/vc_row]<\/p>\n","protected":false},"author":1,"featured_media":0,"parent":0,"menu_order":0,"comment_status":"closed","ping_status":"closed","template":"","meta":{"footnotes":""},"yoast_head":"<!-- This site is optimized with the Yoast SEO plugin v21.7 - https:\/\/yoast.com\/wordpress\/plugins\/seo\/ -->\n<title>Kim Fanlo | Concerts<\/title>\n<meta name=\"description\" content=\"Producer, arranger, composer, and session and live musician\/guitarist\/bassist. Wicked Sound is his recording studio in Barcelona.\" \/>\n<meta name=\"robots\" content=\"index, follow, max-snippet:-1, max-image-preview:large, max-video-preview:-1\" \/>\n<link rel=\"canonical\" href=\"https:\/\/kimfanlo.com\/en\/conciertos\/\" \/>\n<meta property=\"og:locale\" content=\"en_US\" \/>\n<meta property=\"og:type\" content=\"article\" \/>\n<meta property=\"og:title\" content=\"Kim Fanlo | Concerts\" \/>\n<meta property=\"og:description\" content=\"Producer, arranger, composer, and session and live musician\/guitarist\/bassist. Wicked Sound is his recording studio in Barcelona.\" \/>\n<meta property=\"og:url\" content=\"https:\/\/kimfanlo.com\/en\/conciertos\/\" \/>\n<meta property=\"og:site_name\" content=\"Kim Fanlo\" \/>\n<meta property=\"article:publisher\" content=\"https:\/\/www.facebook.com\/kim.fanlo\" \/>\n<meta property=\"article:modified_time\" content=\"2017-06-01T11:45:36+00:00\" \/>\n<meta property=\"og:image\" content=\"https:\/\/kimfanlo.com\/wp-content\/uploads\/2016\/11\/fbimagedark.jpg\" \/>\n\t<meta property=\"og:image:width\" content=\"1200\" \/>\n\t<meta property=\"og:image:height\" content=\"628\" \/>\n\t<meta property=\"og:image:type\" content=\"image\/jpeg\" \/>\n<meta name=\"twitter:card\" content=\"summary_large_image\" \/>\n<meta name=\"twitter:site\" content=\"@kimfanlo\" \/>\n<meta name=\"twitter:label1\" content=\"Est. reading time\" \/>\n\t<meta name=\"twitter:data1\" content=\"1 minute\" \/>\n<script type=\"application\/ld+json\" class=\"yoast-schema-graph\">{\"@context\":\"https:\/\/schema.org\",\"@graph\":[{\"@type\":\"WebPage\",\"@id\":\"https:\/\/kimfanlo.com\/en\/conciertos\/\",\"url\":\"https:\/\/kimfanlo.com\/en\/conciertos\/\",\"name\":\"Kim Fanlo | Concerts\",\"isPartOf\":{\"@id\":\"https:\/\/kimfanlo.com\/#website\"},\"datePublished\":\"2015-11-04T08:29:39+00:00\",\"dateModified\":\"2017-06-01T11:45:36+00:00\",\"description\":\"Producer, arranger, composer, and session and live musician\/guitarist\/bassist. Wicked Sound is his recording studio in Barcelona.\",\"breadcrumb\":{\"@id\":\"https:\/\/kimfanlo.com\/en\/conciertos\/#breadcrumb\"},\"inLanguage\":\"en-US\",\"potentialAction\":[{\"@type\":\"ReadAction\",\"target\":[\"https:\/\/kimfanlo.com\/en\/conciertos\/\"]}]},{\"@type\":\"BreadcrumbList\",\"@id\":\"https:\/\/kimfanlo.com\/en\/conciertos\/#breadcrumb\",\"itemListElement\":[{\"@type\":\"ListItem\",\"position\":1,\"name\":\"Portada\",\"item\":\"https:\/\/kimfanlo.com\/en\/\"},{\"@type\":\"ListItem\",\"position\":2,\"name\":\"Concerts\"}]},{\"@type\":\"WebSite\",\"@id\":\"https:\/\/kimfanlo.com\/#website\",\"url\":\"https:\/\/kimfanlo.com\/\",\"name\":\"Kim Fanlo\",\"description\":\"Sitio oficial del m\u00fasico y productor barcelon\u00e9s . Biograf\u00eda, discograf\u00eda, noticias, fechas de conciertos, v\u00eddeos y fotograf\u00edas.\",\"publisher\":{\"@id\":\"https:\/\/kimfanlo.com\/#organization\"},\"potentialAction\":[{\"@type\":\"SearchAction\",\"target\":{\"@type\":\"EntryPoint\",\"urlTemplate\":\"https:\/\/kimfanlo.com\/?s={search_term_string}\"},\"query-input\":\"required name=search_term_string\"}],\"inLanguage\":\"en-US\"},{\"@type\":\"Organization\",\"@id\":\"https:\/\/kimfanlo.com\/#organization\",\"name\":\"Kim Fanlo\",\"url\":\"https:\/\/kimfanlo.com\/\",\"logo\":{\"@type\":\"ImageObject\",\"inLanguage\":\"en-US\",\"@id\":\"https:\/\/kimfanlo.com\/#\/schema\/logo\/image\/\",\"url\":\"https:\/\/kimfanlo.com\/wp-content\/uploads\/2023\/12\/LogoSEO.jpg\",\"contentUrl\":\"https:\/\/kimfanlo.com\/wp-content\/uploads\/2023\/12\/LogoSEO.jpg\",\"width\":696,\"height\":696,\"caption\":\"Kim Fanlo\"},\"image\":{\"@id\":\"https:\/\/kimfanlo.com\/#\/schema\/logo\/image\/\"},\"sameAs\":[\"https:\/\/www.facebook.com\/kim.fanlo\",\"https:\/\/twitter.com\/kimfanlo\"]}]}<\/script>\n<!-- \/ Yoast SEO plugin. -->","yoast_head_json":{"title":"Kim Fanlo | Concerts","description":"Producer, arranger, composer, and session and live musician\/guitarist\/bassist. Wicked Sound is his recording studio in Barcelona.","robots":{"index":"index","follow":"follow","max-snippet":"max-snippet:-1","max-image-preview":"max-image-preview:large","max-video-preview":"max-video-preview:-1"},"canonical":"https:\/\/kimfanlo.com\/en\/conciertos\/","og_locale":"en_US","og_type":"article","og_title":"Kim Fanlo | Concerts","og_description":"Producer, arranger, composer, and session and live musician\/guitarist\/bassist. Wicked Sound is his recording studio in Barcelona.","og_url":"https:\/\/kimfanlo.com\/en\/conciertos\/","og_site_name":"Kim Fanlo","article_publisher":"https:\/\/www.facebook.com\/kim.fanlo","article_modified_time":"2017-06-01T11:45:36+00:00","og_image":[{"width":1200,"height":628,"url":"https:\/\/kimfanlo.com\/wp-content\/uploads\/2016\/11\/fbimagedark.jpg","type":"image\/jpeg"}],"twitter_card":"summary_large_image","twitter_site":"@kimfanlo","twitter_misc":{"Est. reading time":"1 minute"},"schema":{"@context":"https:\/\/schema.org","@graph":[{"@type":"WebPage","@id":"https:\/\/kimfanlo.com\/en\/conciertos\/","url":"https:\/\/kimfanlo.com\/en\/conciertos\/","name":"Kim Fanlo | Concerts","isPartOf":{"@id":"https:\/\/kimfanlo.com\/#website"},"datePublished":"2015-11-04T08:29:39+00:00","dateModified":"2017-06-01T11:45:36+00:00","description":"Producer, arranger, composer, and session and live musician\/guitarist\/bassist. Wicked Sound is his recording studio in Barcelona.","breadcrumb":{"@id":"https:\/\/kimfanlo.com\/en\/conciertos\/#breadcrumb"},"inLanguage":"en-US","potentialAction":[{"@type":"ReadAction","target":["https:\/\/kimfanlo.com\/en\/conciertos\/"]}]},{"@type":"BreadcrumbList","@id":"https:\/\/kimfanlo.com\/en\/conciertos\/#breadcrumb","itemListElement":[{"@type":"ListItem","position":1,"name":"Portada","item":"https:\/\/kimfanlo.com\/en\/"},{"@type":"ListItem","position":2,"name":"Concerts"}]},{"@type":"WebSite","@id":"https:\/\/kimfanlo.com\/#website","url":"https:\/\/kimfanlo.com\/","name":"Kim Fanlo","description":"Sitio oficial del m\u00fasico y productor barcelon\u00e9s . Biograf\u00eda, discograf\u00eda, noticias, fechas de conciertos, v\u00eddeos y fotograf\u00edas.","publisher":{"@id":"https:\/\/kimfanlo.com\/#organization"},"potentialAction":[{"@type":"SearchAction","target":{"@type":"EntryPoint","urlTemplate":"https:\/\/kimfanlo.com\/?s={search_term_string}"},"query-input":"required name=search_term_string"}],"inLanguage":"en-US"},{"@type":"Organization","@id":"https:\/\/kimfanlo.com\/#organization","name":"Kim Fanlo","url":"https:\/\/kimfanlo.com\/","logo":{"@type":"ImageObject","inLanguage":"en-US","@id":"https:\/\/kimfanlo.com\/#\/schema\/logo\/image\/","url":"https:\/\/kimfanlo.com\/wp-content\/uploads\/2023\/12\/LogoSEO.jpg","contentUrl":"https:\/\/kimfanlo.com\/wp-content\/uploads\/2023\/12\/LogoSEO.jpg","width":696,"height":696,"caption":"Kim Fanlo"},"image":{"@id":"https:\/\/kimfanlo.com\/#\/schema\/logo\/image\/"},"sameAs":["https:\/\/www.facebook.com\/kim.fanlo","https:\/\/twitter.com\/kimfanlo"]}]}},"_links":{"self":[{"href":"https:\/\/kimfanlo.com\/en\/wp-json\/wp\/v2\/pages\/1515"}],"collection":[{"href":"https:\/\/kimfanlo.com\/en\/wp-json\/wp\/v2\/pages"}],"about":[{"href":"https:\/\/kimfanlo.com\/en\/wp-json\/wp\/v2\/types\/page"}],"author":[{"embeddable":true,"href":"https:\/\/kimfanlo.com\/en\/wp-json\/wp\/v2\/users\/1"}],"replies":[{"embeddable":true,"href":"https:\/\/kimfanlo.com\/en\/wp-json\/wp\/v2\/comments?post=1515"}],"version-history":[{"count":0,"href":"https:\/\/kimfanlo.com\/en\/wp-json\/wp\/v2\/pages\/1515\/revisions"}],"wp:attachment":[{"href":"https:\/\/kimfanlo.com\/en\/wp-json\/wp\/v2\/media?parent=1515"}],"curies":[{"name":"wp","href":"https:\/\/api.w.org\/{rel}","templated":true}]}}

<!-- This site is optimized with the Yoast SEO plugin v21.7 - https://yoast.com/wordpress/plugins/seo/ -->
<title>Kim Fanlo | Concerts</title>
<meta name="description" content="Producer, arranger, composer, and session and live musician/guitarist/bassist. Wicked Sound is his recording studio in Barcelona." />
<meta name="robots" content="index, follow, max-snippet:-1, max-image-preview:large, max-video-preview:-1" />
<link rel="canonical" href="https://kimfanlo.com/en/conciertos/" />
<meta property="og:locale" content="en_US" />
<meta property="og:type" content="article" />
<meta property="og:title" content="Kim Fanlo | Concerts" />
<meta property="og:description" content="Producer, arranger, composer, and session and live musician/guitarist/bassist. Wicked Sound is his recording studio in Barcelona." />
<meta property="og:url" content="https://kimfanlo.com/en/conciertos/" />
<meta property="og:site_name" content="Kim Fanlo" />
<meta property="article:publisher" content="https://www.facebook.com/kim.fanlo" />
<meta property="article:modified_time" content="2017-06-01T11:45:36+00:00" />
<meta property="og:image" content="https://kimfanlo.com/wp-content/uploads/2016/11/fbimagedark.jpg" />
	<meta property="og:image:width" content="1200" />
	<meta property="og:image:height" content="628" />
	<meta property="og:image:type" content="image/jpeg" />
<meta name="twitter:card" content="summary_large_image" />
<meta name="twitter:site" content="@kimfanlo" />
<meta name="twitter:label1" content="Est. reading time" />
	<meta name="twitter:data1" content="1 minute" />
<script type="application/ld+json" class="yoast-schema-graph">{"@context":"https://schema.org","@graph":[{"@type":"WebPage","@id":"https://kimfanlo.com/en/conciertos/","url":"https://kimfanlo.com/en/conciertos/","name":"Kim Fanlo | Concerts","isPartOf":{"@id":"https://kimfanlo.com/#website"},"datePublished":"2015-11-04T08:29:39+00:00","dateModified":"2017-06-01T11:45:36+00:00","description":"Producer, arranger, composer, and session and live musician/guitarist/bassist. Wicked Sound is his recording studio in Barcelona.","breadcrumb":{"@id":"https://kimfanlo.com/en/conciertos/#breadcrumb"},"inLanguage":"en-US","potentialAction":[{"@type":"ReadAction","target":["https://kimfanlo.com/en/conciertos/"]}]},{"@type":"BreadcrumbList","@id":"https://kimfanlo.com/en/conciertos/#breadcrumb","itemListElement":[{"@type":"ListItem","position":1,"name":"Portada","item":"https://kimfanlo.com/en/"},{"@type":"ListItem","position":2,"name":"Concerts"}]},{"@type":"WebSite","@id":"https://kimfanlo.com/#website","url":"https://kimfanlo.com/","name":"Kim Fanlo","description":"Sitio oficial del músico y productor barcelonés . Biografía, discografía, noticias, fechas de conciertos, vídeos y fotografías.","publisher":{"@id":"https://kimfanlo.com/#organization"},"potentialAction":[{"@type":"SearchAction","target":{"@type":"EntryPoint","urlTemplate":"https://kimfanlo.com/?s={search_term_string}"},"query-input":"required name=search_term_string"}],"inLanguage":"en-US"},{"@type":"Organization","@id":"https://kimfanlo.com/#organization","name":"Kim Fanlo","url":"https://kimfanlo.com/","logo":{"@type":"ImageObject","inLanguage":"en-US","@id":"https://kimfanlo.com/#/schema/logo/image/","url":"https://kimfanlo.com/wp-content/uploads/2023/12/LogoSEO.jpg","contentUrl":"https://kimfanlo.com/wp-content/uploads/2023/12/LogoSEO.jpg","width":696,"height":696,"caption":"Kim Fanlo"},"image":{"@id":"https://kimfanlo.com/#/schema/logo/image/"},"sameAs":["https://www.facebook.com/kim.fanlo","https://twitter.com/kimfanlo"]}]}</script>
<!-- / Yoast SEO plugin. -->

Sitio oficial del músico y productor barcelonés . Biografía, discografía, noticias, fechas de conciertos, vídeos y fotografías.
